{"id":747,"date":"2017-04-20T20:09:55","date_gmt":"2017-04-20T20:09:55","guid":{"rendered":"http:\/\/puenteromano.net\/?page_id=747"},"modified":"2017-04-20T20:09:55","modified_gmt":"2017-04-20T20:09:55","slug":"la-umd-en-el-ies-rey-pelayo","status":"publish","type":"page","link":"https:\/\/patrimonio.alospicos.com\/index.php\/la-umd-en-el-ies-rey-pelayo\/","title":{"rendered":"La UMD en el IES Rey Pelayo"},"content":{"rendered":"<p>[et_pb_section bb_built=\u00bb1&#8243; admin_label=\u00bbsection\u00bb transparent_background=\u00bboff\u00bb allow_player_pause=\u00bboff\u00bb inner_shadow=\u00bboff\u00bb parallax=\u00bboff\u00bb parallax_method=\u00bbon\u00bb make_fullwidth=\u00bboff\u00bb use_custom_width=\u00bboff\u00bb width_unit=\u00bbon\u00bb make_equal=\u00bboff\u00bb use_custom_gutter=\u00bboff\u00bb][et_pb_row admin_label=\u00bbFila\u00bb][et_pb_column type=\u00bb4_4&#8243;][et_pb_text admin_label=\u00bbTexto\u00bb background_layout=\u00bblight\u00bb text_orientation=\u00bbleft\u00bb use_border_color=\u00bboff\u00bb border_color=\u00bb#ffffff\u00bb border_style=\u00bbsolid\u00bb]<\/p>\n<h1>LA UNI\u00d3N MILITAR DEMOCR\u00c1TICA<\/h1>\n<h3>Acto acad\u00e9mico en el IES Rey Pelayo, Cangas de On\u00eds, Asturias<\/h3>\n<p>[\/et_pb_text][\/et_pb_column][\/et_pb_row][et_pb_row admin_label=\u00bbrow\u00bb make_fullwidth=\u00bboff\u00bb use_custom_width=\u00bboff\u00bb width_unit=\u00bbon\u00bb use_custom_gutter=\u00bboff\u00bb allow_player_pause=\u00bboff\u00bb parallax=\u00bboff\u00bb parallax_method=\u00bbon\u00bb make_equal=\u00bboff\u00bb parallax_1=\u00bboff\u00bb parallax_method_1=\u00bboff\u00bb parallax_2=\u00bboff\u00bb parallax_method_2=\u00bboff\u00bb][et_pb_column type=\u00bb1_2&#8243;][et_pb_text admin_label=\u00bbTexto\u00bb background_layout=\u00bblight\u00bb text_orientation=\u00bbleft\u00bb use_border_color=\u00bboff\u00bb border_color=\u00bb#ffffff\u00bb border_style=\u00bbsolid\u00bb]<\/p>\n<p><strong>PONENCIA DE ARTURO GURRIAR\u00c1N SOBRE LA UMD Y SU CONTEXTO HIST\u00d3RICO. IES REY PELAYO, CANGAS DE ON\u00cdS, ASTURIAS. 20, ABRIL, 2017<\/strong><\/p>\n<p><a href=\"http:\/\/puenteromano.net\/wp-content\/uploads\/2017\/04\/Cartel-A3-UMD.pdf\" target=\"_blank\" rel=\"noopener noreferrer\"><img loading=\"lazy\" decoding=\"async\" class=\"alignleft wp-image-802 size-thumbnail\" src=\"http:\/\/puenteromano.net\/wp-content\/uploads\/2017\/04\/Cartel-UMD-150x150.jpg\" alt=\"\" width=\"150\" height=\"150\" \/><\/a>Arturo Gurriar\u00e1n, miembro de aquel colectivo formado por 200 militares dem\u00f3cratas en el seno\u00a0de un entorno castrense predemocr\u00e1tico como el de aquellos a\u00f1os, estuvo hoy jueves 20 de abril l\u00facido y cercano a los alumnos del IES Rey Pelayo, uno de muchos Institutos asturianos que acogieron ponencias de sus protagonistas.<\/p>\n<p>Casi cien estudiantes de bachillerato, en Cangas de On\u00eds, escucharon sin pesta\u00f1ear a Arturo Gurriar\u00e1n, atentos a unos hechos que desconoc\u00edan. El coronel de caballer\u00eda les habl\u00f3 de paz, de libertad y de todos los bienes entre los que ellos se han criado sin notarlo.<\/p>\n<p>Los actos de hoy 20 de abril y de ma\u00f1ana 21 en Oviedo figuran entre los escas\u00edsimos que nuestra Democracia ha prestado a aquellos militares. Solamente en el entorno de los Abogados de Atocha y en el Ministerio de Defensa de la fallecida Carmen Chac\u00f3n, hubo sensibilidad ante el colectivo, y nunca hasta hoy entre las instituciones acad\u00e9micas.<\/p>\n<p>Durante una hora, el coronel supo conectar con el alumnado de 2\u00ba de bachillerato en una actividad organizada por el profesor Javier Mola, junto con el resto de los componentes del Departamento de Historia y la Asociaci\u00f3n \u00abTertulias en Llanes\u00bb, grupo promotor de los actos de reconocimiento a la UMD en Asturias.<\/p>\n<p>El alumnado estuvo atento e interesado en la disertaci\u00f3n,\u00a0<em>a capella<\/em> audiovisual (sin otras im\u00e1genes que las desatadas en la conciencia individual por las palabras del ponente), durante la que se\u00a0enlaz\u00f3 acertadamente la importancia del conocimiento con la defensa de la libertad y la paz, y sobretodo en una Europa que atraviesa, para su suerte, d\u00e9cadas de ambas. Los alumnos formularon, junto con el profesorado asistente, interesantes y sorprendentes preguntas sobre los estudios y la vida militar, sobre\u00a0la repercusi\u00f3n que la UMD tuvo en la vida de sus protagonistas y sobre el claroscuro que acompa\u00f1a, a\u00fan hoy, las\u00a0perspectivas sobre\u00a0de aquella etapa.<\/p>\n<p>Los alcaldes de Cangas de On\u00eds y Parres, respaldando el inter\u00e9s de la convocatoria para su Comunidad Educativa, recibieron formalmente al representante de la UMD en las Casas Consistoriales respectivas. Ambos le hicieron obsequios testimoniales de su agradecimiento.<\/p>\n<p>Emilio Longo, el alcalde de Parres, pronunci\u00f3 un breve discurso alusivo a la importancia de aquel movimiento, y a la insuficiente -todav\u00eda-\u00a0valoraci\u00f3n hist\u00f3rica de sus protagonistas, cuyas palabras y respuesta de Arturo reproducimos aqu\u00ed, del mismo modo que una galer\u00eda de im\u00e1genes sobre el acontecimiento acad\u00e9mico e institucional.<\/p>\n<p>[\/et_pb_text][et_pb_video_slider admin_label=\u00bbControl deslizante de v\u00eddeo\u00bb controls_color=\u00bblight\u00bb show_image_overlay=\u00bbhide\u00bb show_arrows=\u00bbon\u00bb show_thumbnails=\u00bbon\u00bb] [et_pb_video_slider_item admin_title=\u00bbA Gurriaran en el Ayto de Parres \u00bb show_image_overlay=\u00bbhide\u00bb src=\u00bbhttps:\/\/youtu.be\/u4lY5agtWN0&#8243; background_layout=\u00bbdark\u00bb \/][et_pb_video_slider_item admin_title=\u00bbIntervenci\u00f3n de E Longo\u00bb show_image_overlay=\u00bbhide\u00bb src=\u00bbhttps:\/\/youtu.be\/d6645d3GOrg\u00bb background_layout=\u00bbdark\u00bb \/][et_pb_video_slider_item admin_title=\u00bbFirma en el Libro de Visitas, Parres\u00bb show_image_overlay=\u00bbhide\u00bb src=\u00bbhttps:\/\/youtu.be\/-jJGAt8SDxI\u00bb background_layout=\u00bbdark\u00bb \/] [\/et_pb_video_slider][et_pb_text admin_label=\u00bbTexto\u00bb background_layout=\u00bbdark\u00bb background_color=\u00bb#e02b20&#8243; custom_padding=\u00bb10px|10px|10px|10px\u00bb text_orientation=\u00bbleft\u00bb use_border_color=\u00bboff\u00bb border_color=\u00bb#ffffff\u00bb border_style=\u00bbsolid\u00bb]<\/p>\n<p>Recepci\u00f3n en Parres (v\u00eddeos)<\/p>\n<p>[\/et_pb_text][\/et_pb_column][et_pb_column type=\u00bb1_2&#8243;][et_pb_gallery admin_label=\u00bbGaler\u00eda\u00bb gallery_ids=\u00bb768,769,770,777,771,772,773,775&#8243; fullwidth=\u00bbon\u00bb \/][et_pb_text admin_label=\u00bbTexto\u00bb background_layout=\u00bbdark\u00bb background_color=\u00bb#e02b20&#8243; custom_padding=\u00bb10px|10px|10px|10px\u00bb]<\/p>\n<p>Acto acad\u00e9mico en el IES Rey Pelayo<\/p>\n<p>[\/et_pb_text][et_pb_divider admin_label=\u00bbSeparador\u00bb color=\u00bb#e02b20&#8243; show_divider=\u00bbon\u00bb height=\u00bb10&#8243; divider_style=\u00bbsolid\u00bb divider_position=\u00bbtop\u00bb \/][et_pb_gallery admin_label=\u00bbGaler\u00eda\u00bb gallery_ids=\u00bb758,759,760,761,762,763,764,765&#8243; fullwidth=\u00bbon\u00bb show_pagination=\u00bboff\u00bb \/][et_pb_text admin_label=\u00bbTexto\u00bb background_layout=\u00bbdark\u00bb background_color=\u00bb#e02b20&#8243; custom_padding=\u00bb10px|10px|10px|10px\u00bb]<\/p>\n<p>Recepci\u00f3n en al Ayuntamiento de Cangas de On\u00eds<\/p>\n<p>[\/et_pb_text][et_pb_divider admin_label=\u00bbSeparador\u00bb color=\u00bb#e02b20&#8243; show_divider=\u00bbon\u00bb height=\u00bb10&#8243; divider_style=\u00bbsolid\u00bb divider_position=\u00bbtop\u00bb \/][et_pb_gallery admin_label=\u00bbGaler\u00eda\u00bb gallery_ids=\u00bb780,781,782,783,784,785,786,787&#8243; fullwidth=\u00bbon\u00bb \/][et_pb_text admin_label=\u00bbTexto\u00bb background_layout=\u00bbdark\u00bb background_color=\u00bb#e02b20&#8243; custom_padding=\u00bb10px|10px|10px|10px\u00bb]<\/p>\n<p>Recepci\u00f3n en al Ayuntamiento de Parres<\/p>\n<p>[\/et_pb_text][et_pb_text admin_label=\u00bbTexto\u00bb background_layout=\u00bbdark\u00bb background_color=\u00bb#e02b20&#8243; custom_padding=\u00bb10px|10px|10px|10px\u00bb text_orientation=\u00bbleft\u00bb use_border_color=\u00bboff\u00bb border_color=\u00bb#ffffff\u00bb border_style=\u00bbsolid\u00bb]<\/p>\n<p>Jueves, 20 de abril de 2017<\/p>\n<p>[\/et_pb_text][\/et_pb_column][\/et_pb_row][et_pb_row admin_label=\u00bbFila\u00bb][et_pb_column type=\u00bb4_4&#8243;][et_pb_divider admin_label=\u00bbSeparador\u00bb color=\u00bb#e02b20&#8243; show_divider=\u00bbon\u00bb height=\u00bb10&#8243; divider_style=\u00bbsolid\u00bb divider_position=\u00bbtop\u00bb \/][\/et_pb_column][\/et_pb_row][\/et_pb_section]<\/p>\n","protected":false},"excerpt":{"rendered":"<p>[et_pb_section bb_built=\u00bb1&#8243; admin_label=\u00bbsection\u00bb transparent_background=\u00bboff\u00bb allow_player_pause=\u00bboff\u00bb inner_shadow=\u00bboff\u00bb parallax=\u00bboff\u00bb parallax_method=\u00bbon\u00bb make_fullwidth=\u00bboff\u00bb use_custom_width=\u00bboff\u00bb width_unit=\u00bbon\u00bb make_equal=\u00bboff\u00bb use_custom_gutter=\u00bboff\u00bb][et_pb_row admin_label=\u00bbFila\u00bb][et_pb_column type=\u00bb4_4&#8243;][et_pb_text admin_label=\u00bbTexto\u00bb background_layout=\u00bblight\u00bb text_orientation=\u00bbleft\u00bb use_border_color=\u00bboff\u00bb border_color=\u00bb#ffffff\u00bb border_style=\u00bbsolid\u00bb] LA UNI\u00d3N MILITAR DEMOCR\u00c1TICA Acto acad\u00e9mico en el IES Rey Pelayo, Cangas de On\u00eds, Asturias [\/et_pb_text][\/et_pb_column][\/et_pb_row][et_pb_row admin_label=\u00bbrow\u00bb make_fullwidth=\u00bboff\u00bb use_custom_width=\u00bboff\u00bb width_unit=\u00bbon\u00bb use_custom_gutter=\u00bboff\u00bb allow_player_pause=\u00bboff\u00bb parallax=\u00bboff\u00bb parallax_method=\u00bbon\u00bb make_equal=\u00bboff\u00bb parallax_1=\u00bboff\u00bb parallax_method_1=\u00bboff\u00bb parallax_2=\u00bboff\u00bb parallax_method_2=\u00bboff\u00bb][et_pb_column type=\u00bb1_2&#8243;][et_pb_text admin_label=\u00bbTexto\u00bb background_layout=\u00bblight\u00bb text_orientation=\u00bbleft\u00bb use_border_color=\u00bboff\u00bb [&hellip;]<\/p>\n","protected":false},"author":1,"featured_media":0,"parent":0,"menu_order":0,"comment_status":"closed","ping_status":"closed","template":"page-template-blank.php","meta":{"_et_pb_use_builder":"on","_et_pb_old_content":"","_et_gb_content_width":"","footnotes":""},"class_list":["post-747","page","type-page","status-publish","hentry"],"_links":{"self":[{"href":"https:\/\/patrimonio.alospicos.com\/index.php\/wp-json\/wp\/v2\/pages\/747","targetHints":{"allow":["GET"]}}],"collection":[{"href":"https:\/\/patrimonio.alospicos.com\/index.php\/wp-json\/wp\/v2\/pages"}],"about":[{"href":"https:\/\/patrimonio.alospicos.com\/index.php\/wp-json\/wp\/v2\/types\/page"}],"author":[{"embeddable":true,"href":"https:\/\/patrimonio.alospicos.com\/index.php\/wp-json\/wp\/v2\/users\/1"}],"replies":[{"embeddable":true,"href":"https:\/\/patrimonio.alospicos.com\/index.php\/wp-json\/wp\/v2\/comments?post=747"}],"version-history":[{"count":0,"href":"https:\/\/patrimonio.alospicos.com\/index.php\/wp-json\/wp\/v2\/pages\/747\/revisions"}],"wp:attachment":[{"href":"https:\/\/patrimonio.alospicos.com\/index.php\/wp-json\/wp\/v2\/media?parent=747"}],"curies":[{"name":"wp","href":"https:\/\/api.w.org\/{rel}","templated":true}]}}

<p>[et_pb_section bb_built=»1&#8243; admin_label=»section» transparent_background=»off» allow_player_pause=»off» inner_shadow=»off» parallax=»off» parallax_method=»on» make_fullwidth=»off» use_custom_width=»off» width_unit=»on» make_equal=»off» use_custom_gutter=»off»][et_pb_row admin_label=»Fila»][et_pb_column type=»4_4&#8243;][et_pb_text admin_label=»Texto» background_layout=»light» text_orientation=»left» use_border_color=»off» border_color=»#ffffff» border_style=»solid»]</p>
<h1>LA UNIÓN MILITAR DEMOCRÁTICA</h1>
<h3>Acto académico en el IES Rey Pelayo, Cangas de Onís, Asturias</h3>
<p>[/et_pb_text][/et_pb_column][/et_pb_row][et_pb_row admin_label=»row» make_fullwidth=»off» use_custom_width=»off» width_unit=»on» use_custom_gutter=»off» allow_player_pause=»off» parallax=»off» parallax_method=»on» make_equal=»off» parallax_1=»off» parallax_method_1=»off» parallax_2=»off» parallax_method_2=»off»][et_pb_column type=»1_2&#8243;][et_pb_text admin_label=»Texto» background_layout=»light» text_orientation=»left» use_border_color=»off» border_color=»#ffffff» border_style=»solid»]</p>
<p><strong>PONENCIA DE ARTURO GURRIARÁN SOBRE LA UMD Y SU CONTEXTO HISTÓRICO. IES REY PELAYO, CANGAS DE ONÍS, ASTURIAS. 20, ABRIL, 2017</strong></p>
<p><a href="http://puenteromano.net/wp-content/uploads/2017/04/Cartel-A3-UMD.pdf" target="_blank" rel="noopener noreferrer"><img loading="lazy" decoding="async" class="alignleft wp-image-802 size-thumbnail" src="http://puenteromano.net/wp-content/uploads/2017/04/Cartel-UMD-150x150.jpg" alt="" width="150" height="150" /></a>Arturo Gurriarán, miembro de aquel colectivo formado por 200 militares demócratas en el seno de un entorno castrense predemocrático como el de aquellos años, estuvo hoy jueves 20 de abril lúcido y cercano a los alumnos del IES Rey Pelayo, uno de muchos Institutos asturianos que acogieron ponencias de sus protagonistas.</p>
<p>Casi cien estudiantes de bachillerato, en Cangas de Onís, escucharon sin pestañear a Arturo Gurriarán, atentos a unos hechos que desconocían. El coronel de caballería les habló de paz, de libertad y de todos los bienes entre los que ellos se han criado sin notarlo.</p>
<p>Los actos de hoy 20 de abril y de mañana 21 en Oviedo figuran entre los escasísimos que nuestra Democracia ha prestado a aquellos militares. Solamente en el entorno de los Abogados de Atocha y en el Ministerio de Defensa de la fallecida Carmen Chacón, hubo sensibilidad ante el colectivo, y nunca hasta hoy entre las instituciones académicas.</p>
<p>Durante una hora, el coronel supo conectar con el alumnado de 2º de bachillerato en una actividad organizada por el profesor Javier Mola, junto con el resto de los componentes del Departamento de Historia y la Asociación «Tertulias en Llanes», grupo promotor de los actos de reconocimiento a la UMD en Asturias.</p>
<p>El alumnado estuvo atento e interesado en la disertación, <em>a capella</em> audiovisual (sin otras imágenes que las desatadas en la conciencia individual por las palabras del ponente), durante la que se enlazó acertadamente la importancia del conocimiento con la defensa de la libertad y la paz, y sobretodo en una Europa que atraviesa, para su suerte, décadas de ambas. Los alumnos formularon, junto con el profesorado asistente, interesantes y sorprendentes preguntas sobre los estudios y la vida militar, sobre la repercusión que la UMD tuvo en la vida de sus protagonistas y sobre el claroscuro que acompaña, aún hoy, las perspectivas sobre de aquella etapa.</p>
<p>Los alcaldes de Cangas de Onís y Parres, respaldando el interés de la convocatoria para su Comunidad Educativa, recibieron formalmente al representante de la UMD en las Casas Consistoriales respectivas. Ambos le hicieron obsequios testimoniales de su agradecimiento.</p>
<p>Emilio Longo, el alcalde de Parres, pronunció un breve discurso alusivo a la importancia de aquel movimiento, y a la insuficiente -todavía- valoración histórica de sus protagonistas, cuyas palabras y respuesta de Arturo reproducimos aquí, del mismo modo que una galería de imágenes sobre el acontecimiento académico e institucional.</p>
<p>[/et_pb_text][et_pb_video_slider admin_label=»Control deslizante de vídeo» controls_color=»light» show_image_overlay=»hide» show_arrows=»on» show_thumbnails=»on»] [et_pb_video_slider_item admin_title=»A Gurriaran en el Ayto de Parres » show_image_overlay=»hide» src=»https://youtu.be/u4lY5agtWN0&#8243; background_layout=»dark» /][et_pb_video_slider_item admin_title=»Intervención de E Longo» show_image_overlay=»hide» src=»https://youtu.be/d6645d3GOrg» background_layout=»dark» /][et_pb_video_slider_item admin_title=»Firma en el Libro de Visitas, Parres» show_image_overlay=»hide» src=»https://youtu.be/-jJGAt8SDxI» background_layout=»dark» /] [/et_pb_video_slider][et_pb_text admin_label=»Texto» background_layout=»dark» background_color=»#e02b20&#8243; custom_padding=»10px|10px|10px|10px» text_orientation=»left» use_border_color=»off» border_color=»#ffffff» border_style=»solid»]</p>
<p>Recepción en Parres (vídeos)</p>
<p>[/et_pb_text][/et_pb_column][et_pb_column type=»1_2&#8243;][et_pb_gallery admin_label=»Galería» gallery_ids=»768,769,770,777,771,772,773,775&#8243; fullwidth=»on» /][et_pb_text admin_label=»Texto» background_layout=»dark» background_color=»#e02b20&#8243; custom_padding=»10px|10px|10px|10px»]</p>
<p>Acto académico en el IES Rey Pelayo</p>
<p>[/et_pb_text][et_pb_divider admin_label=»Separador» color=»#e02b20&#8243; show_divider=»on» height=»10&#8243; divider_style=»solid» divider_position=»top» /][et_pb_gallery admin_label=»Galería» gallery_ids=»758,759,760,761,762,763,764,765&#8243; fullwidth=»on» show_pagination=»off» /][et_pb_text admin_label=»Texto» background_layout=»dark» background_color=»#e02b20&#8243; custom_padding=»10px|10px|10px|10px»]</p>
<p>Recepción en al Ayuntamiento de Cangas de Onís</p>
<p>[/et_pb_text][et_pb_divider admin_label=»Separador» color=»#e02b20&#8243; show_divider=»on» height=»10&#8243; divider_style=»solid» divider_position=»top» /][et_pb_gallery admin_label=»Galería» gallery_ids=»780,781,782,783,784,785,786,787&#8243; fullwidth=»on» /][et_pb_text admin_label=»Texto» background_layout=»dark» background_color=»#e02b20&#8243; custom_padding=»10px|10px|10px|10px»]</p>
<p>Recepción en al Ayuntamiento de Parres</p>
<p>[/et_pb_text][et_pb_text admin_label=»Texto» background_layout=»dark» background_color=»#e02b20&#8243; custom_padding=»10px|10px|10px|10px» text_orientation=»left» use_border_color=»off» border_color=»#ffffff» border_style=»solid»]</p>
<p>Jueves, 20 de abril de 2017</p>
<p>[/et_pb_text][/et_pb_column][/et_pb_row][et_pb_row admin_label=»Fila»][et_pb_column type=»4_4&#8243;][et_pb_divider admin_label=»Separador» color=»#e02b20&#8243; show_divider=»on» height=»10&#8243; divider_style=»solid» divider_position=»top» /][/et_pb_column][/et_pb_row][/et_pb_section]</p>

<p>[et_pb_section bb_built=»1&#8243; admin_label=»section» transparent_background=»off» allow_player_pause=»off» inner_shadow=»off» parallax=»off» parallax_method=»on» make_fullwidth=»off» use_custom_width=»off» width_unit=»on» make_equal=»off» use_custom_gutter=»off»][et_pb_row admin_label=»Fila»][et_pb_column type=»4_4&#8243;][et_pb_text admin_label=»Texto» background_layout=»light» text_orientation=»left» use_border_color=»off» border_color=»#ffffff» border_style=»solid»] LA UNIÓN MILITAR DEMOCRÁTICA Acto académico en el IES Rey Pelayo, Cangas de Onís, Asturias [/et_pb_text][/et_pb_column][/et_pb_row][et_pb_row admin_label=»row» make_fullwidth=»off» use_custom_width=»off» width_unit=»on» use_custom_gutter=»off» allow_player_pause=»off» parallax=»off» parallax_method=»on» make_equal=»off» parallax_1=»off» parallax_method_1=»off» parallax_2=»off» parallax_method_2=»off»][et_pb_column type=»1_2&#8243;][et_pb_text admin_label=»Texto» background_layout=»light» text_orientation=»left» use_border_color=»off» [&hellip;]</p>
